0. Suppose v = -2*s - k + 97, 3*s = 5*k - 37 + 150. What is the highest common divisor of 69 and s?
23
Let r(d) = -2*d**2 - 224*d + 896. Let a be r(4). Let c = -44 + 15. Let z = c - a. Calculate the greatest common factor of z and 3.
3
Let p = 51 + 24. Let c(q) = 18*q**2 + 23*q - 80. Let m be c(4). What is the highest common divisor of m and p?
75
Suppose -2125*f = -2097*f - 120652. Calculate the highest common factor of f and 62.
31
Let f be (-315)/(-28)*((-2 - (-72)/15) + 2). Calculate the highest common divisor of 1845 and f.
9
Suppose -z + n = -87, -3*n - 469 + 28 = -5*z. Suppose 106*k = 103*k + 333. Suppose -9*o = -k - 159. What is the greatest common factor of z and o?
30
Suppose -5*a + 116745 = 10*o, 56820 = 3*a - 3*o - 13236. Calculate the highest common divisor of a and 19.
19
Let h = -419 + 606. Let n = 18486 - 18469. What is the greatest common factor of n and h?
17
Suppose 2*u - 5*z = 1651, -4*u - 2781*z + 3401 = -2780*z. Calculate the highest common factor of u and 128.
16
Let c = 4545 - 2217. What is the highest common factor of c and 48?
24
Suppose 119 - 323 = -w. Let k(f) = 2*f**3 + 35*f**2 - 22*f - 38. Let j = -175 + 157. Let g be k(j). What is the greatest common factor of w and g?
34
Let w = -35 + 40. Suppose -w*v = -4 - 41. What is the greatest common factor of 27 and v?
9
Suppose -5*r - 47*z + 51*z = -9, 5*r + 2*z = 33. Suppose -158 - 17 = -5*u. Suppose -a + 2*a = u. Calculate the highest common factor of a and r.
5
Let m(j) = 328*j - 4692. Let z be m(21). What is the greatest common divisor of z and 252?
36
Let t(d) = -d**3 - 4*d**2 + 9*d - 12. Let a be t(-6). Suppose 5*f = -3*j + 727, 5*j + 3*f - 1155 = a*f. Calculate the greatest common divisor of 18 and j.
18
Let g = 5247 + -5142. What is the greatest common factor of 147 and g?
21
Suppose 4*h - 826 = 2*a, -4*a + 188 + 32 = h. Let z(t) = 28*t**2 - 254*t + 252. Let f be z(1). What is the greatest common divisor of f and h?
26
Suppose 0 = 5*s, -3*s = -3*w + 16 + 38. Let u be (-136)/(-22)*1 - 28/154. What is the greatest common divisor of w and u?
6
Let s = -5683 + 7128. Calculate the highest common factor of s and 340.
85
Suppose 21*w + w + 22 = 0. Let m be (11 - -14)/5*(w - -5). Calculate the highest common divisor of m and 230.
10
Suppose 146*n - 189 - 63 = 40. Let p(l) = l**2 - l + 1. Let h be p(2). Calculate the greatest common factor of n and h.
1
Suppose -4*t + 4*x = -7*t + 1434, 2356 = 5*t + x. Calculate the greatest common factor of 1128 and t.
94
Let s = 1 + 185. Suppose 17*k - 14*k = s. Suppose -4*y + a + k = -0*a, 4*y = 4*a + 68. Calculate the highest common factor of 150 and y.
15
Suppose 2*q + 4*f - 68 = 0, 0 = 2*f - 7*f + 25. Calculate the highest common divisor of q and 111.
3
Let r = 83 - -1853. Let u be 5/(-25) + 102/10. Suppose -u*v = v - r. Calculate the highest common factor of 11 and v.
11
Let h be ((-1416)/(-9))/((-4)/(-6)) - 0. Suppose -2*o = -t + o + 65, 0 = -4*t + 4*o + h. Calculate the greatest common factor of t and 280.
56
Let s = -284 - -298. Suppose 72 = -s*h + 240. What is the greatest common factor of h and 900?
12
Suppose -26408 = -64*r + 99032. What is the greatest common divisor of 80 and r?
40
Let m = -12670 + 18124. Calculate the highest common factor of m and 162.
54
Suppose -30348 = 9*t - 70*t + 43*t. What is the highest common divisor of t and 24?
6
Suppose 5*u + 14 = 2*i + 4, -3*i + 61 = 4*u. Suppose -o - 1302 = -i*o. Calculate the highest common divisor of 3 and o.
3
Suppose -58*s + 917 = -57*s + 3*f, f + 4681 = 5*s. What is the highest common factor of 2720 and s?
85
Suppose -x = x - 30. Let c be (-4)/((-5)/6 + x/10). Let n be ((-2)/3)/(1/c). Calculate the highest common factor of 44 and n.
4
Let r(f) = -53*f**3 + f**2 - 2*f. Let k be r(-2). Suppose -o - k = -17*o. Calculate the highest common divisor of 45 and o.
9
Let i(r) = r**3 + 21*r**2 + 37*r - 42. Let t be i(-16). Calculate the greatest common factor of t and 114.
38
Suppose o + 2*o = 2*t - 13, 1 = -o. Suppose 0 = -2*y - 2*j + 150, -t*j + 3 = -2. Let q = 66 + y. Calculate the greatest common factor of q and 28.
28
Let a be -9 - -2 - (-490)/((-10)/(-1)). What is the highest common divisor of 3318 and a?
42
Let t(i) = i**2 - 6*i - 22. Let k be t(13). Let c be (46/k)/(4/858). Calculate the highest common divisor of c and 13.
13
Suppose -17 = -2*u - 13. Let h be (-1)/((-8)/420)*2. Suppose u*a - 4 = -2*a, 0 = -2*z - 3*a + h. Calculate the highest common factor of z and 34.
17
Let f(r) = r**3 + 24 - 11*r**2 + 50*r - 20*r - 23. Let y be f(7). Calculate the highest common divisor of y and 555.
15
Let x = 48 - 47. Let m be (-20)/(-5) - (2018 + x). Let o be (6/(-5))/(2 + m/1000). What is the greatest common divisor of 16 and o?
16
Suppose 0 = 3*c - 2*d - 524, 192 + 356 = 3*c + d. Calculate the highest common factor of c and 80.
20
Suppose -334 = -2*i + 4*m, -5*i + 2*m = -6*i + 171. Let u = -119 + i. What is the highest common factor of 20 and u?
10
Let w(z) = -18*z + 188. Let y be w(9). Let n be (-1 - 16)*2*(-65)/y. What is the highest common factor of 170 and n?
85
Suppose -14*r = -8*r + 288. Let g = r - -87. Let n be (-13*1)/((-1)/1). Calculate the greatest common divisor of n and g.
13
Suppose 4*h = -2*h + 384. Suppose -5*i + h - 34 = 0. Let j(t) = t**3 - 3*t**2 - 11*t + 2. Let c be j(i). What is the highest common factor of 396 and c?
44
Let b be (5/1)/(3/3). Suppose 5*h + 4*y = 730, 10*h - 3*y = b*h + 730. Let z = h - -46. What is the greatest common factor of z and 16?
16
Let v(a) = a**3 + a**2 - 3*a - 3. Let k be v(-1). Suppose 3*i - 13 - 59 = k. Calculate the highest common factor of 36 and i.
12
Let v(r) = -2*r**2 - 40*r + 83. Let k be v(0). What is the greatest common factor of k and 1577?
83
Let m = -2463 + 2562. What is the greatest common divisor of 1177 and m?
11
Suppose -2797 = -135*r + 983. Calculate the greatest common factor of 574 and r.
14
Let m(v) = 63*v**3 + v**2 + v - 1. Let a be m(1). Let k be (-2)/(-3)*9/(-2) - a. Let c = 115 + k. Calculate the greatest common factor of 12 and c.
12
Suppose 0 = -i - 25*i + 338. Let h(d) = d**3 - 12*d**2 - 5*d - 20. Let p be h(i). What is the highest common divisor of p and 63?
21
Let y(u) be the first derivative of u**4/4 - 7*u**3 + 19*u**2/2 + 22*u + 705. Let w = -31 - -51. Let d be y(w). What is the greatest common divisor of 2 and d?
2
Let t(a) be the first derivative of -118*a**2 + 17*a + 82. Let f be t(-1). Calculate the greatest common divisor of 11 and f.
11
Let o be (11/2)/((-3)/(-6)). Suppose -13 - 9 = -o*l. Suppose -293 = -5*q - 2*w - l*w, 3*q = 3*w + 165. What is the greatest common factor of 19 and q?
19
Let t(u) = u**3 - 27*u**2 + 52*u - 22. Let f be t(25). Calculate the highest common factor of f and 252.
28
Let g(n) = 279*n**2 + 3*n - 54. Let d be g(3). Calculate the greatest common factor of 126 and d.
18
Let f = 3999 + -3840. What is the greatest common divisor of 1 and f?
1
Let v be 2*3*4/(-12). Let i(j) = -107*j + 7. Let p be i(v). What is the highest common divisor of 13 and p?
13
Suppose 3*p - 228 = -0*p. Suppose 0 = -l - l + p. Let w = 50 - l. What is the highest common factor of w and 36?
12
Let l = 1952 - 1952. Suppose 18 + 3 = 4*n + w, -n + 3*w - 11 = 0. Suppose n*s = l, 2*z - 6*s = -s + 66. What is the highest common divisor of 22 and z?
11
Suppose -2*s + 48*g - 43*g = 888, -444 = s + 4*g. Let f = s + 488. Let c be 133/2 + 1/(-2). What is the highest common factor of c and f?
22
Let s be (11 - -1)/3 + (8 - 7). Suppose 5 = -s*x, 2*w + 14 = 3*w - 3*x. Let a be (w/(-4))/(2/(-72)). What is the greatest common factor of 11 and a?
11
Suppose 4*d - 5*d + 30 = 0. Suppose -30*k - 5*m = -29*k - 111, -3*m + 201 = 2*k. Let s be 228/5 + (k/d)/8. Calculate the greatest common divisor of 506 and s.
46
Suppose -f = -2*r + 195, 5*f + 237 = 4*r - 138. Suppose c - 2*p = 5*c - 1000, 0 = 4*c - 5*p - 1000. Calculate the highest common factor of c and r.
50
Let v(x) be the first derivative of -x**3/3 - 7*x**2 + 92*x + 127. Let g be v(-18). What is the highest common divisor of g and 70?
10
Suppose -6*n - 4 = -2*o - 3*n, -4 = -2*o - 5*n. Let b = o + 27. Suppose -2*k + 3*l = -24, 3*k - l = -0*l + b. What is the highest common divisor of 36 and k?
9
Let k(j) = -2*j**3 - 22*j**2 - 9*j + 8. Let z be k(-11). Let y = z + 2